
What are the prime factors of 3513?
3, 1171
What are the prime factors of 8677?
8677
What are the prime factors of 29376?
2, 3, 17
List the prime factors of 3192.
2, 3, 7, 19
What are the prime factors of 42509?
42509
What are the prime factors of 50050?
2, 5, 7, 11, 13
What are the prime factors of 111895?
5, 7, 23, 139
What are the prime factors of 4404?
2, 3, 367
What are the prime factors of 21099?
3, 13, 541
What are the prime factors of 23343?
3, 31, 251
List the prime factors of 8558.
2, 11, 389
What are the prime factors of 64054?
2, 32027
List the prime factors of 21055.
5, 4211
List the prime factors of 15818.
2, 11, 719
What are the prime factors of 4764?
2, 3, 397
List the prime factors of 93306.
2, 3, 15551
What are the prime factors of 1767?
3, 19, 31
What are the prime factors of 8646?
2, 3, 11, 131
What are the prime factors of 6514?
2, 3257
What are the prime factors of 12884?
2, 3221
What are the prime factors of 2100?
2, 3, 5, 7
What are the prime factors of 740?
2, 5, 37
What are the prime factors of 6387?
3, 2129
List the prime factors of 6672.
2, 3, 139
What are the prime factors of 37765?
5, 7, 13, 83
What are the prime factors of 972?
2, 3
List the prime factors of 458.
2, 229
What are the prime factors of 5868?
2, 3, 163
What are the prime factors of 5923?
5923
What are the prime factors of 11917?
17, 701
List the prime factors of 99319.
11, 9029
List the prime factors of 32715.
3, 5, 727
List the prime factors of 20913.
3, 6971
List the prime factors of 1352.
2, 13
List the prime factors of 1226.
2, 613
List the prime factors of 31865.
5, 6373
What are the prime factors of 174882?
2, 3, 29147
List the prime factors of 58195.
5, 103, 113
What are the prime factors of 1488?
2, 3, 31
What are the prime factors of 58042?
2, 29021
What are the prime factors of 1833?
3, 13, 47
What are the prime factors of 3300?
2, 3, 5, 11
List the prime factors of 1908.
2, 3, 53
List the prime factors of 304.
2, 19
What are the prime factors of 326?
2, 163
List the prime factors of 9406.
2, 4703
What are the prime factors of 5869?
5869
List the prime factors of 12773.
53, 241
What are the prime factors of 10266?
2, 3, 29, 59
List the prime factors of 10600.
2, 5, 53
What are the prime factors of 12?
2, 3
What are the prime factors of 65923?
11, 13, 461
What are the prime factors of 331?
331
What are the prime factors of 123740?
2, 5, 23, 269
What are the prime factors of 1972?
2, 17, 29
List the prime factors of 657.
3, 73
What are the prime factors of 12889?
12889
What are the prime factors of 14919?
3, 4973
What are the prime factors of 17491?
17491
List the prime factors of 4790.
2, 5, 479
What are the prime factors of 967?
967
List the prime factors of 51.
3, 17
What are the prime factors of 992?
2, 31
List the prime factors of 4993.
4993
What are the prime factors of 16184?
2, 7, 17
List the prime factors of 4845.
3, 5, 17, 19
What are the prime factors of 5467?
7, 11, 71
What are the prime factors of 1483?
1483
List the prime factors of 15354.
2, 3, 853
What are the prime factors of 20?
2, 5
What are the prime factors of 1358?
2, 7, 97
List the prime factors of 4002.
2, 3, 23, 29
What are the prime factors of 2920?
2, 5, 73
List the prime factors of 1450.
2, 5, 29
What are the prime factors of 1180?
2, 5, 59
List the prime factors of 102470.
2, 5, 10247
List the prime factors of 6491.
6491
What are the prime factors of 43549?
11, 37, 107
What are the prime factors of 4615?
5, 13, 71
What are the prime factors of 10375?
5, 83
What are the prime factors of 56558?
2, 28279
What are the prime factors of 284?
2, 71
List the prime factors of 2106.
2, 3, 13
What are the prime factors of 43202?
2, 21601
What are the prime factors of 895?
5, 179
What are the prime factors of 12739?
12739
What are the prime factors of 21156?
2, 3, 41, 43
List the prime factors of 10697.
19, 563
List the prime factors of 7291.
23, 317
List the prime factors of 4238.
2, 13, 163
List the prime factors of 19886.
2, 61, 163
List the prime factors of 46061.
46061
List the prime factors of 2385.
3, 5, 53
What are the prime factors of 521?
521
List the prime factors of 2450.
2, 5, 7
What are the prime factors of 3841?
23, 167
What are the prime factors of 5904?
2, 3, 41
What are the prime factors of 1071?
3, 7, 17
What are the prime factors of 52173?
3, 11, 17, 31
List the prime factors of 3521.
7, 503
What are the prime factors of 1765?
5, 353
List the prime factors of 442.
2, 13, 17
What are the prime factors of 8273?
8273
What are the prime factors of 62505?
3, 5, 463
List the prime factors of 8867.
8867
What are the prime factors of 349?
349
What are the prime factors of 3639?
3, 1213
What are the prime factors of 243?
3
What are the prime factors of 909?
3, 101
What are the prime factors of 602?
2, 7, 43
List the prime factors of 7076.
2, 29, 61
What are the prime factors of 2009?
7, 41
What are the prime factors of 55763?
55763
What are the prime factors of 1058?
2, 23
List the prime factors of 31727.
31727
List the prime factors of 17044.
2, 4261
What are the prime factors of 8394?
2, 3, 1399
List the prime factors of 318.
2, 3, 53
What are the prime factors of 29035?
5, 5807
What are the prime factors of 17568?
2, 3, 61
What are the prime factors of 10935?
3, 5
List the prime factors of 4839.
3, 1613
List the prime factors of 1083.
3, 19
List the prime factors of 9141.
3, 11, 277
What are the prime factors of 209?
11, 19
What are the prime factors of 471?
3, 157
What are the prime factors of 1861?
1861
What are the prime factors of 23310?
2, 3, 5, 7, 37
What are the prime factors of 8185?
5, 1637
List the prime factors of 1728.
2, 3
What are the prime factors of 4302?
2, 3, 239
List the prime factors of 1775.
5, 71
List the prime factors of 228.
2, 3, 19
List the prime factors of 1467.
3, 163
What are the prime factors of 11842?
2, 31, 191
What are the prime factors of 13989?
3, 4663
List the prime factors of 39783.
3, 89, 149
List the prime factors of 5901.
3, 7, 281
List the prime factors of 171.
3, 19
What are the prime factors of 16773?
3, 5591
List the prime factors of 8468.
2, 29, 73
What are the prime factors of 93429?
3, 7, 1483
What are the prime factors of 767?
13, 59
List the prime factors of 159.
3, 53
What are the prime factors of 4756?
2, 29, 41
What are the prime factors of 89?
89
What are the prime factors of 2274?
2, 3, 379
List the prime factors of 14741.
14741
List the prime factors of 805.
5, 7, 23
What are the prime factors of 8365?
5, 7, 239
List the prime factors of 117164.
2, 17, 1723
List the prime factors of 2450.
2, 5, 7
List the prime factors of 5629.
13, 433
What are the prime factors of 948?
2, 3, 79
What are the prime factors of 418?
2, 11, 19
What are the prime factors of 2467?
2467
List the prime factors of 3960.
2, 3, 5, 11
List the prime factors of 6869.
6869
What are the prime factors of 345?
3, 5, 23
What are the prime factors of 2914?
2, 31, 47
What are the prime factors of 8014?
2, 4007
List the prime factors of 1914.
2, 3, 11, 29
List the prime factors of 15874.
2, 7937
What are the prime factors of 3415?
5, 683
What are the prime factors of 48598?
2, 11, 47
List the prime factors of 1854.
2, 3, 103
List the prime factors of 23631.
3, 7877
What are the prime factors of 94401?
3, 17, 617
List the prime factors of 367.
367
What are the prime factors of 45915?
3, 5, 3061
What are the prime factors of 73134?
2, 3, 17, 239
What are the prime factors of 1954?
2, 977
List the prime factors of 47783.
71, 673
List the prime factors of 23973.
3, 61, 131
List the prime factors of 563.
563
What are the prime factors of 1067?
11, 97
List the prime factors of 4413.
3, 1471
What are the prime factors of 11516?
2, 2879
What are the prime factors of 1401?
3, 467
What are the prime factors of 360?
2, 3, 5
What are the prime factors of 287?
7, 41
List the prime factors of 155126.
2, 77563
List the prime factors of 9714.
2, 3, 1619
List the prime factors of 3080.
2, 5, 7, 11
List the prime factors of 602.
2, 7, 43
What are the prime factors of 2113?
2113
What are the prime factors of 25989?
3, 8663
List the prime factors of 99712.
2, 19, 41
List the prime factors of 655.
5, 131
What are the prime factors of 27454?
2, 7, 37, 53
List t